32240. Is j prime?
False
Let j(v) = v + 8*v**2 + 2*v + 3 - v - 7*v**2. Let f be j(-2). Suppose 2*g - 382 = -2*p, p = f*g + 6*p - 573. Is g prime?
True
Suppose 2*u = -3*u + 3*s + 25, 3*u = -4*s + 15. Suppose u*f = -0*f + 5*r + 140, 5*r = f - 28. Let o = f - -3. Is o a composite number?
False
Suppose -6*n + 5664 + 4572 = 0. Suppose 5*p - 3*p = n. Is p a prime number?
True
Suppose 0 = -2*m + 4*m + 8. Is 4 + 245 + 1 - m a prime number?
False
Let l(z) = 104*z + 6. Let f(o) = o**3 - 7*o**2 + 11*o - 1. Let n be f(5). Is l(n) a prime number?
False
Let x = -26 - -21. Is (-1 + 0)/(x/1435) a composite number?
True
Let g = -1791 - -2785. Let q = 61 + g. Is q composite?
True
Suppose 0 = -2*o - 3*g - 14, 3*o - o - g = 2. Let a be 3 - (o - -1)/3. Is (a - 6) + 1 + 129 composite?
False
Suppose -5*x = -2*m + 3381, 2*x = -4*m + 3331 + 3443. Is m a composite number?
False
Let v(a) = 5*a**3 + 3*a**2 - a - 2. Let q be v(3). Suppose -3*k + q = -38. Let h = k + 32. Is h a composite number?
False
Suppose 0 = m + 2*i - 12288, 0 = -7*m + 2*m - 2*i + 61432. Let r = m + -8297. Is r composite?
False
Suppose -3 - 9 = -3*j. Is 662*(j - (-7)/(-2)) a prime number?
True
Suppose -2*t + 4*a = -5*t - 97, -5*a = t + 25. Let y be (-6)/(-2) + -1 - t. Suppose g - 22 = y. Is g composite?
False
Suppose -l - 4*l + 20 = 0. Suppose 7*k - l*k = 6. Suppose b - 1185 = -k*b. Is b composite?
True
Let u = 19 + -15. Let l be (u/(-6))/((-5)/15). Suppose l*j + j = 1455. Is j a composite number?
True
Let b = 23 - 8. Suppose 0 = f + b - 286. Is f a prime number?
True
Suppose 2*z - 5*y - 27 = z, 3*z = 3*y + 45. Suppose -10*h - 422 = -z*h. Is h a prime number?
True
Suppose 2*v = 8*a - 5*a - 12315, a - 2*v - 4105 = 0. Is a a prime number?
False
Suppose -305740 = 32*l - 36*l. Is l composite?
True
Let j = 11824 - 547. Suppose -1033 = 2*d - y - 5536, 0 = 5*d + 4*y - j. Is d prime?
False
Suppose u + u - 442 = 0. Let k = u - -585. Suppose -2*y + 920 = -k. Is y a composite number?
False
Let z be 3/(-3)*(1 + 0). Let i = 2 - z. Suppose 2*y - i*g = 6*y - 347, g + 181 = 2*y. Is y composite?
False
Let n = 1943 + -824. Is n a composite number?
True
Let x(k) = 2*k + 18. Let i be x(-12). Let o(p) = 113*p + 3. Let l(g) = -451*g - 12. Let a(y) = -2*l(y) - 9*o(y). Is a(i) prime?
False
Suppose 3*j + j - 8 = 0. Suppose 684 = j*z - 1416. Let t = -733 + z. Is t a composite number?
False
Is ((-2)/4)/(-2 - 3832614/(-1916316)) a composite number?
False
Suppose -5*y - 10 = 0, 51839 = 5*j + 9*y - 6*y. Is j composite?
False
Suppose -h + 16475 = -19062. Is h prime?
True
Let t = -642 - -949. Let x = -810 + 1328. Let j = x - t. Is j a prime number?
True
Suppose 0 = 2*d - 3 - 11. Let a be 16/56 + (-58)/d. Is 669/5 + a/(-40) a prime number?
False
Suppose -3*g + 477 = -132. Is g a prime number?
False
Let n be 4/(-10) - 485/(-25). Suppose 11 = -3*m - n. Is (-2)/5 - 1874/m a composite number?
True
Let h(r) = -2891*r - 64. Is h(-3) a prime number?
True
Let x(p) = -3*p**3 + 20*p**2 + 17*p + 19. Is x(-17) prime?
True
Let k = 24596 + 18521. Is k composite?
False
Suppose 7*h - 27 = 4*h. Let i be (-13)/((-39)/12) + 1 + 0. Suppose 298 = u - h*r + 4*r, 0 = -i*u + 3*r + 1600. Is u a composite number?
True
Let g be (2283/(-6))/((-87)/42 - -2). Suppose 13*c - g = 5762. Is c a composite number?
False
Suppose z = -6*z - 84. Let o = 4495 - z. Is o a composite number?
False
Let b = -4036 + 2168. Let f = 36 + -40. Is f*(-5)/((-80)/b) prime?
True
Let b = 4765 + -1428. Is b a prime number?
False
Let c(s) = 9*s**3 - 2*s**2 + 2*s - 1. Let t be c(1). Let l = t - 5. Suppose -l*z + 2*z + 53 = 0. Is z composite?
False
Let p(f) = -17*f + 12*f + 10*f + 2. Let m be p(-10). Let v = 14 - m. Is v a composite number?
True
Let p(m) = -m**3 - 30*m**2 - 58*m - 51. Let a be p(-28). Suppose 4*w - 6582 = -a*b + 6874, 13448 = 4*w + 3*b. Is w a prime number?
True
Is 3/27 + ((-247598)/(-9) - 2) prime?
True
Let t(o) = 2*o**2 + 5*o + 8 + 1 + 0*o**2. Let u = -354 - -344. Is t(u) composite?
True
Suppose 3 = -3*s - 6. Let p be 21 - 1*3/s. Is 4206/p + 4/(-22) a prime number?
True
Let a be (0 - 2) + (0 - -12431). Suppose -a = -12*w + 3*w. Is w prime?
True
Suppose -8*j + 1784 = -7800. Is j a composite number?
True
Let z be (-9)/12 - 14/(-8). Is (-4)/(-4)*331/z a prime number?
True
Suppose p = -2*p + 9. Suppose 5*v + 5 = 0, -b = -3*b - 2*v + 2. Suppose -p*i = -b*i - 373. Is i a prime number?
True
Suppose 6*p - 2*p + 268 = -2*r, 0 = -3*p - 4*r - 191. Let j = p - -156. Is j a prime number?
False
Suppose -2*g - 2*z = -2, 4*z = 2*g - 3*g - 5. Suppose 0 = g*x - 3, 0*y - 2*x + 20382 = 4*y. Is y composite?
True
Let s(n) = 9*n**3 + n**2 + n - 1. Let p be (-5)/(30/12) + (-10)/(-2). Is s(p) a composite number?
True
Let j = 8324 + -1417. Is j a composite number?
False
Suppose 0 = -13*y + 25*y - 6852. Is y prime?
True
Let r be 2/1*(-6875)/(-10). Suppose 0 = 2*j - 0*f + 5*f - 934, -3*j - f = -r. Is j composite?
False
Let z(q) = 423*q + 128. Is z(5) a composite number?
False
Is 16135*2 + (-3 - -11) prime?
False
Is (-110)/(-165) - (1 - (-141584)/(-6)) prime?
False
Let j(c) = -98*c - 5. Let a(b) = 97*b + 6. Let m(q) = -4*a(q) - 5*j(q). Is m(11) composite?
False
Let t(x) = x**3 + 4*x**2 + 3*x. Let p be t(-2). Let a(z) = z**2 + p*z**2 + 6 - 10*z - 4 - 4*z**2. Is a(-7) prime?
True
Let n(i) = 8998*i**2 + i + 2. Is n(-1) a prime number?
True
Let y(r) = r + 2. Let b be y(0). Let o(n) = 6 - 3 - b + 110*n. Is o(3) a prime number?
True
Let d(k) = -3*k**2 + 27*k - 17. Let p(z) = 3*z**2 - 26*z + 16. Let s(y) = 6*d(y) + 7*p(y). Is s(-19) composite?
True
Let n be 16/40 - (-2126)/10. Let k = n - -278. Is k composite?
False
Let i(t) = 29*t + 5. Let m be i(9). Let c = -123 + m. Is c composite?
True
Let k(m) = -3*m + m + 340*m**2 + 674 - 341*m**2. Is k(0) prime?
False
Let f = -1 + 6. Suppose c - 789 = -5*s + 3*c, -621 = -4*s + f*c. Suppose -3*z = -6*z + s. Is z prime?
True
Suppose 149 = -z - j, -2*z - 3*z + 5*j - 695 = 0. Let i = 234 + z. Suppose -4*a + i = -114. Is a composite?
True
Let q(r) = r**3 - 9*r**2 + 5*r - 1. Let n be q(10). Let o = n + -70. Suppose a + o = 2*a. Is a prime?
True
Suppose o = -4*o - o. Let y(b) = 2*b**3 + 2*b**2 - 2*b + 361. Is y(o) a prime number?
False
Suppose 870 = -5*h - 5*x, -5*h + 4*h - 5*x = 166. Let p = 631 + h. Suppose -c + p = 4*c. Is c prime?
False
Let o = -92957 + 140974. Is o a prime number?
True
Let p(h) = 290*h - 5. Let u be p(2). Suppose 4*w - u = -w. Is w prime?
False
Let y = -3 - -8. Let v(g) = 4*g**2 - 2*g + 5*g + 84*g**3 + 14 - 38*g**3 - 44*g**3. Is v(y) a prime number?
True
Let p(c) = c**3 + 5*c**2 + 2*c - 8. Let o be p(-4). Suppose 2*x - n - 535 = o, 2*x - 280 - 273 = -5*n. Is x prime?
True
Is (-6)/4*771*(-18)/27 composite?
True
Is (3011*1)/(36/36) a prime number?
True
Suppose -2*n = 4*o - 418, 2*n + 2*o = 171 + 245. Suppose 4*z - n = 681. Suppose -331 = -4*t + 3*a - 35, -3*t - 4*a = -z. Is t a prime number?
False
Suppose -8*z = -20835 + 731. Is z a prime number?
False
Suppose 5*g + a - 8458 = 0, 5*g = 2*a + 10743 - 2294. Is g a composite number?
True
Let r be (-256)/(-48) + (-2)/(-3). Is 35124/60 + r/10 - -1 a prime number?
True
Suppose -30*r + 4456 = -22*r. Is r prime?
True
Suppose 7*m - 4929 = 8392. Is m prime?
False
Let b be (-638)/6*(17 - 8). Is b*((-32)/(-12) - 3) prime?
False
Suppose -27388 = -7*x + 5659. Is x a prime number?
True
Suppose 11*k - 4*k = 21. Suppose 1115 = -k*q + 4*q. Is q a prime number?
False
Suppose 3 = -3*c, 15 = 2*p - 5*c - 76. Is p a prime number?
True
Let p(a) = -a**3 - 4*a**2 + 6*a - 1. Let d be p(-5). Let i = -4 - d. Suppose i*h - 2 = 0, 0*h + 357 = 3*x + 3*h. Is x a prime number?
False
Let b(q) = 6593*q**2 + 5*q - 17. Is b(2) a prime number?
False
Suppose 3*r - 2*r - 55 = 4*a, 69 = -5*a + r. Let x(l) = -24*l - 13. Is x(a) a composite number?
True
Suppose t = 3*b + 263, 4*t + 0*t - 1052 = -b. Let f be -2 + -1 + 45*14. Suppose -t = 4*s - f. Is s prime?
False
Let o = 2333 + -1074. Is o prime?
True
Suppose -r - 11 = r - c, -3*r - 5*c + 16 = 0. Is 2964/4 + r + 1 composite?
False
Let c(s) = -5*s**3 - 23*s**2 - 64*s - 53. Is c(-16) a prime number?
False
Suppose 0 = -41*h + 35579 + 28176. Is h prime?
False
Let d be 8/2 + 5/(-5). Suppose -28 = -d*r - i - 3*i, i = 4*r - 12. Suppose -4*x + r*b + 936 = 0, b + 0*b = 3*x - 704. Is x prime?
False
Is (